ive of f**4/24 + f**3/2 - f**2/2 - 2. Let w(j) be the second derivative of m(j). What is the units digit of w(3)?
6
Let l(u) = -u**3 - 6*u**2 + 2*u + 1. What is the units digit of l(-7)?
6
Suppose 0 = -5*q + 156 - 56. What is the units digit of q?
0
Let n(w) = -w + 4. Let b be n(0). Suppose 0 = -4*l - b*a + 27 + 5, a = 4*l - 17. Suppose 38 + 47 = l*q. What is the tens digit of q?
1
Suppose 0 = k + 13 - 57. What is the tens digit of k?
4
Let c(l) = -l**2 + l + 17. Suppose 9*o - 6*o = 0. What is the units digit of c(o)?
7
Suppose -4*m = m + 80. Let g = -10 - m. What is the units digit of g?
6
Suppose r = -j, 4*j - 3*r + 28 = -0*j. Let f(v) = -v**3 - 5*v**2 - 3*v + 5. What is the units digit of f(j)?
1
Suppose -3*g + 2*j + 4 = -5, 3 = g - 5*j. Suppose g*o = -5*c + 3*c + 16, 4*o - c - 3 = 0. What is the units digit of o*(27/6 + 2)?
3
Let z(r) = r**3 + 8*r**2 - 4 - 5 + 1 + 4*r - 14*r. Suppose b - m + 4*m - 6 = 0, 4*b = 3*m - 51. What is the units digit of z(b)?
1
Let f be ((-420)/9)/(-2)*3. Suppose -i - i = -f. What is the tens digit of i?
3
Suppose -4*x - b + 336 = 0, 2*x + b = -4*b + 168. Suppose 6*z - 4*z = x. Suppose z = 6*t - 4*t. What is the tens digit of t?
2
Let n = 21 - 11. Let a be 5*((-2)/(-2) - 0). Suppose a*d - n - 5 = 0. What is the units digit of d?
3
Let c be 13/4 + (-3)/12. Suppose -5*f = -c*f - 4. Suppose 5*t = 3*z + 25, -f*t = t + z - 29. What is the units digit of t?
8
Suppose 5*j - j = 8. Let d(n) = -n**3 + 2*n**2 - 2*n - 1. Let q be d(j). Let b = -1 - q. What is the units digit of b?
4
Let u(v) = -v**3 - v**2 + 5*v + 5. What is the units digit of u(-4)?
3
Suppose 585 = 5*t + 2*h, -2*h + 491 = 4*t - 5*h. What is the units digit of t?
9
Let t(w) = 9 + 4 + 0*w - 1 + w. Let v(n) = 2*n + 14. Let m be v(-11). What is the units digit of t(m)?
4
Let g(v) = -v**3 - 2*v**2 + v + 2. Let w be g(-2). Suppose -15 = -5*c, w*y + 33 = 4*y - c. What is the units digit of 2/3 + 93/y?
1
Let s(j) = 2*j + 12. Let x be s(-8). Let m = x + 5. What is the units digit of m?
1
Let w be -1 + 0 - -1 - -2. Suppose 16 = 2*j + w*j. What is the units digit of j?
4
Suppose -3*d + 0*r = -5*r + 19, -20 = -4*r. Suppose s - d*s + 53 = -x, -s = x - 49. What is the tens digit of s?
5
Suppose 0 = -s - 0*s + 25. Let m = s - 14. What is the tens digit of m?
1
What is the tens digit of (22/11)/(2/122)?
2
Let y = -181 - -397. What is the tens digit of y?
1
Let l = 2 + -6. What is the units digit of l/6 - 34/(-6)?
5
Let o be 84/9 + 2/3. Suppose 1 = w - 2*m, -4*w + 2*m + o = -18. What is the units digit of w?
9
Let p = 10 - 5. Let g = 17 - p. What is the tens digit of 4/g*57/1?
1
Suppose 0*y = 3*y + 21. Let z = 3 + y. Let f(h) = -h**2 - 4*h + 2. What is the units digit of f(z)?
2
Let p(y) = 4*y**3 - y**2 - 5*y + 5. What is the tens digit of p(2)?
2
Suppose 3*a = -2*f + 187, 2*a + 0*a = 5*f - 515. What is the hundreds digit of f?
1
Suppose -3*m - 24 = i - 1, 0 = -m - 5*i - 31. Let s(t) = -3*t + 4. Let c be s(m). Suppose -3*l = -c - 2. What is the units digit of l?
8
What is the units digit of 4 + 0 + -3 - -79?
0
Suppose -93 - 55 = -4*g. Let f = g + -55. Let c = -7 - f. What is the tens digit of c?
1
Let i(u) = u**3 - 4*u**2 + u + 5. What is the units digit of i(4)?
9
Suppose 3 = y - 0. Suppose -10 = 5*x, o - 5*o = y*x - 42. What is the tens digit of o?
1
What is the units digit of 2 - (3 + -6 + -50)?
5
Let d = -8 + 13. Let o(i) = 5*i - 1. Let q be o(d). Let h = q + -13. What is the units digit of h?
1
Let s(t) = -t**2 + 8*t + 6. What is the tens digit of s(6)?
1
Suppose 2*g + 47 + 37 = r, 170 = 2*r - 3*g. What is the tens digit of r?
8
Let y(z) = z**3 - 6*z**2 - 5*z + 1. What is the units digit of y(7)?
5
Let i be (-1 - 1 - -90)*1. Let y = i + -41. What is the tens digit of y?
4
Suppose 2*b = 3*b - 16. What is the tens digit of b?
1
Let a = -3 + -2. Let j = 8 + a. Suppose -3*b = -4*h + 3*h - 2, -j*h + b + 34 = 0. What is the units digit of h?
3
What is the tens digit of 56/35*((-310)/4)/(-1)?
2
Suppose -7*v = -3*v - 12. Suppose 4*y - 3*h = 68 + 42, -4*h - 79 = -v*y. What is the tens digit of y?
2
Suppose -o + 124 = 2. What is the hundreds digit of o?
1
Suppose -2*k = -3*k. Suppose k*s + s = -16. Let v = 1 - s. What is the units digit of v?
7
Let h be 0/4 + 1 + -7. Let s = 18 + h. What is the tens digit of s?
1
Let z(y) = -3*y - 4. Suppose -b + 5 = -2*b. What is the units digit of z(b)?
1
Let p = 581 + -322. What is the units digit of p?
9
Let w = 14 - -19. What is the tens digit of w?
3
What is the units digit of 3/(-36)*-9*24?
8
Suppose -10*q = -623 - 427. What is the hundreds digit of q?
1
Let h(v) = 5*v + 4. Let q be h(4). Let b be (-2)/(-11) + q/(-11). What is the units digit of 8 - 0 - (1 - b)?
5
Suppose 5*v - 57 = 2*v - 3*k, 3*k = -3. What is the units digit of v?
0
Suppose 2*o - 44 = 42. What is the tens digit of o?
4
Let l = 138 + -74. What is the tens digit of l?
6
Let t = -5 + 7. What is the units digit of (1 - 0 - -15) + t?
8
Let t be (-8)/6*15/(-2). Suppose 4*g - 5*m - 6 = 0, g - 3*m = 2*g - t. What is the units digit of (14/8)/(g/16)?
7
Suppose r = y - 13, 2*y - 46 = 4*r - 0*y. Let h be 6/18 + r/(-6). What is the units digit of 1*h + -6 + 13?
9
Suppose 4*m - 7*m + 321 = 0. What is the units digit of m?
7
What is the tens digit of ((-378)/(-49))/((-6)/(-140))?
8
Suppose -2*b + 3 = -z, 4*b - 23 = -2*z - 53. Suppose 0 = -19*g + 20*g - 10. Let k = g + z. What is the units digit of k?
1
Let l(b) = -b**2 - 4*b + 4. Let t be l(-5). Let x = t - -4. Let y = x - 2. What is the units digit of y?
1
Let m(t) = -18*t**2 + 1. Suppose -4*s - 5 = s. Let u be m(s). Let v = u - -28. What is the units digit of v?
1
Suppose 4*x + 1 = 3*n, -2*n = -3*x - 0*x. Suppose 0 = -s + n*s - 38. What is the tens digit of s?
1
Let c be 0/(-8) + (1 - 1). Suppose 4*u = -c*u + 40. What is the tens digit of u?
1
Let n(k) = 2*k + 7. Let o be n(-3). Let r = o + 18. What is the tens digit of r?
1
Suppose 0 = 4*t + 2*z - 1186, -4*t + 590 = -2*t - 2*z. What is the tens digit of t?
9
What is the units digit of -36*((-21)/(-12) - 2)?
9
Let h = 1 - 3. Let r = -1 - h. Suppose 1 = 2*c - r. What is the units digit of c?
1
Suppose 5*u + 3*p - 2*p = 180, 0 = 4*u + 4*p - 144. What is the units digit of u?
6
Let v(g) = 7*g**2 - 1. Let a be v(-1). What is the units digit of a*3/(36/40)?
0
Suppose 0 = -3*c - 7 - 5, c = -3*x + 29. What is the tens digit of x?
1
Suppose -s + 6*s - 440 = 0. Suppose -2*k - k + s = 2*y, 3*y = -2*k + 52. Suppose -t = t - k. What is the tens digit of t?
1
Suppose 0 = 4*o - 247 - 273. What is the units digit of o?
0
Let m(c) = -c**2 + 8*c + 1. Let v be m(8). Let r(f) = f**2 + 2*f - 1. Let h be r(v). Suppose 4*x = -h*k + 20, 9 = 2*k + k - x. What is the units digit of k?
4
Suppose 3*y + 0*y - 528 = 2*d, -2*d = 4*y - 718. What is the hundreds digit of y?
1
Suppose 0 = 2*j - 3*q - 6 - 23, -2*q + 63 = 3*j. What is the tens digit of j?
1
Let g = -32 + 52. What is the tens digit of g?
2
Let i be ((-1)/(-2))/((-9)/36). Let t = 9 + i. What is the units digit of t?
7
Let k = 37 - 26. What is the tens digit of k?
1
Suppose 4*d + 45 = -d. Let c = 14 + d. Suppose -8 - 2 = -c*u. What is the units digit of u?
2
Let p(u) = -u**3 - 6*u**2 - 2*u - 8. Let o be p(-6). What is the tens digit of -4*(0 + (-11)/o)?
1
Suppose 11 = 2*g - 5*z + 1, 6 = -2*g - 3*z. Suppose 2*k + g*k = 8. Suppose 0*x + 3*v = -3*x + 18, 4*x - k*v = 40. What is the units digit of x?
8
Let f(q) = q**2 + q - 1. What is the tens digit of f(5)?
2
Let m be (-1 - -1) + 12/4. Suppose 0 = -m*f + 2 + 13. What is the units digit of f?
5
Suppose 56 = i - 3. What is the units digit of i?
9
Suppose 68 + 4 = 4*s. Let i = 33 + s. What is the tens digit of i?
5
Let q(p) = -p**2 + 6*p - 4. Let c be q(5). What is the tens digit of (6 - 28)*-1*c?
2
Let m = 16 + -15. What is the units digit of m?
1
Let z = -10 - -13. Let c be (-1)/(0 + (-1)/6). What is the units digit of c*(3/z + 0)?
6
Let h(b) = b - 1 + 0 + 1. Suppose 3*u - 16 = -z, -5*u - 3*z + 8*z + 60 = 0. What is the units digit of h(u)?
7
Let r = 5 + -3. Suppose 4*v - r*v - 34 = 0. What is the tens digit of v?
1
Suppose -15 = -4*o - o. Suppose -o*w = -z - 149, 139 = 3*w + 5*z - z. Suppose 2*v + 2*v - 3*l = w, -21 = -3*v - 3*l. What is the units digit of v?
0
Let c(o) be the third derivative of o*